t derivative of b**3/3 + b**2/2 - 1. Suppose -2*n + z + 0*z = 12, -5*n - 3*z - 41 = 0. Let i be n/28 + 3/(-4). Calculate m(i).
0
Suppose -5*t = -2*i - 9, -i - 3*t - 1 = -2*t. Let a(m) = m**3 + 3*m**2 + 2*m + 1. Calculate a(i).
1
Let j(w) = -w**3 - w**2 + w - 4. Suppose q + 0*q + 3*z = -12, -q - 4 = z. Suppose -2*k + 0*k = q. Suppose k = 5*c - 4*c. What is j(c)?
-4
Let k(v) = -5*v**2 - 6*v - 2. Let d(x) = 4*x**2 + 5*x + 2. Let n(b) = 6*d(b) + 5*k(b). What is n(0)?
2
Let s(c) = c**2 + 2. Suppose -4*v + 19 = 2*i + 3, 4*v = 2*i + 24. What is s(i)?
6
Let q(t) = 2*t + 4*t**3 + t**2 + 3 + t - 5*t**3. Give q(3).
-6
Let l(a) = 2*a. Let i be l(2). Suppose -q + 2*c + 3 = -c, 2*c + i = 0. Let b(y) = y + 4. Calculate b(q).
1
Suppose -s - 9*s = 30. Let n(i) = i**3 + 3*i**2 - 4*i. Calculate n(s).
12
Let c be 808/20 + (-6)/15. Let p(h) = -2 + 2*h - c*h**2 + 39*h**2 - 3*h + 3. Let a(r) = -r. Let f be a(0). Calculate p(f).
1
Let d(c) = 2*c. Let q be d(2). Suppose -5 = -2*x + q*z + 3, -2*z + 6 = 4*x. Let t(f) = -8*f + 0*f**3 + 5*f**x + 2*f - 4 + f**3 + 1. Give t(-6).
-3
Let q be 5/(-20) - (-49)/4. Let n = q + -8. Let t be (-1 - 0)/(-3 + n). Let u(b) = 6*b**3 + 1. Give u(t).
-5
Let s be (3/(-6))/(2/24). Let q be 27/s - 3/6. Let c(p) = 0 + p - 7 + 1 - 2*p. Determine c(q).
-1
Let i(k) = 3*k - 2. Suppose -7*m + 6 = -4*m. Give i(m).
4
Let x(o) be the third derivative of -o**6/120 + o**4/24 - o**3/6 + o**2. Let b be x(1). Let t(f) = 2*f**2 - f**2 - f**2 - 7*f**2. Determine t(b).
-7
Let r(w) = 2 - w**2 + 3 + 7*w - 6. What is r(5)?
9
Suppose -4*p = -8*p. Suppose -d + 0*d = p. Let o be d + -1 + 1 + -1. Let j(i) = -5*i. What is j(o)?
5
Let w be (-19)/4 + (-1)/4. Let k(q) = -5 + q**2 - 118*q - 2*q**2 + 111*q. Determine k(w).
5
Let r(n) be the first derivative of -n**4/4 - 8*n**3/3 - n**2 - 2*n + 65. Calculate r(-8).
14
Let t = -5 - -4. Let o be 3/(3/(-2)) - t. Let n(m) = m - 1. Calculate n(o).
-2
Let g = -5 + 10. Suppose -s + 3 = g, -4*j - 2 = 5*s. Let q(i) = 4*i - 2 + 2*i + 3*i - 6*i. Give q(j).
4
Let j be (-1)/(-3) + (-22)/(-6). Suppose 2*f + 4 = j*f. Let g(t) = -1 - 2*t + f*t - t. Determine g(-1).
0
Let t(m) = 16*m - 8. Let r(u) = 5*u - 3. Let s(f) = -8*r(f) + 3*t(f). Let h be 0 + (2 - 48/(-4)). Let c = 13 - h. Give s(c).
-8
Let v be 6 + (-3 - -1 - 1). Let h(m) = 0*m + v + m + 1 + 0*m. Determine h(4).
8
Let z(l) be the first derivative of -l**3/3 + 7*l**2/2 - 4*l - 6. Determine z(5).
6
Suppose -6*x = x. Let w(s) = s**3 - s + 2. What is w(x)?
2
Let k(z) = -z + 11. Let j(g) = g**2 + 3*g - 4. Let m be j(-5). Determine k(m).
5
Suppose -2 = f - 0*f. Let a(s) be the third derivative of -s**7/1680 - s**5/30 - s**2. Let y(k) be the third derivative of a(k). Determine y(f).
6
Let k(n) = -n**2 - 7*n - 9. Let f be 264/(-30) - (-1)/(-5). Let s be f - -2 - (-1 - 0). Calculate k(s).
-3
Let h(s) = -13 - 11 - 2*s**2 + 23 - s. Determine h(-2).
-7
Let t(g) = -4*g**2 + 6*g + 6. Let j(o) = -o**2 - 2*o + 7. Let l be j(-5). Let h(z) = z**2 - z - 1. Let p(w) = l*h(w) - t(w). Determine p(2).
-10
Let o(b) be the third derivative of b**8/6720 + b**6/720 + 11*b**5/120 + b**4/8 - 8*b**2. Let m(i) be the second derivative of o(i). Give m(0).
11
Let y be 10/(-6)*(-9)/3. Let u(m) = 0 - y + m**2 + 3. Give u(-3).
7
Let s(g) = -7*g**3 + g**2 - 1. Suppose 3*m + m = 0. Suppose 4*c = -m*c. Suppose -2 = 2*l - c. Calculate s(l).
7
Suppose 4*k = 3*z + 38, 5*k + z - 46 = 4*z. Let j(l) = l**3 - 8*l**2 + 2. Let y be j(k). Let m(p) = 0*p**2 + 0*p**2 - p**2 + y + 3*p - 1. What is m(4)?
-3
Let z(d) = -3*d + 2. Let y(n) = -n**3 - 14*n**2 + 15*n + 4. Let a be y(-15). Determine z(a).
-10
Let k be (1 - 0 - 1) + 2. Suppose -u - k*u = -75. Suppose r + 2*r = -3*q - 24, -2*r = 5*q + u. Let m(f) = f**3 + 3*f**2 - 4. Calculate m(q).
-4
Let a = -63 + 56. Let w(j) = -j**2 - 8*j + 5. Calculate w(a).
12
Let i(y) be the first derivative of -y**4/4 + 7*y**3/3 - 7*y**2/2 + y - 11. Determine i(6).
-5
Let v(z) = -z**3 - z**2 - 1. Let m(k) = -5*k**3 - 12*k**2 - 10*k + 3. Let p(o) = -m(o) + 6*v(o). What is p(7)?
12
Let l(j) = -j**3 + 4*j**2 - 2*j - 2. Let m(p) = 2*p - 6. Let u be m(5). Suppose -u + 8 = 2*r. Suppose 0 = r*a - 1 - 5. Calculate l(a).
1
Let l be ((-27)/15 - -2)*(3 + 2). Let d(i) = 10*i - 5. Let y(g) = 9*g - 4. Let w(a) = -4*d(a) + 5*y(a). Determine w(l).
5
Let y(b) = -4*b**2 + 11*b + 17. Let j(g) = -g**2 + 3*g + 4. Let m(d) = 9*j(d) - 2*y(d). Let n be 9/(-2 - 1) + 3. Suppose n = 13*u - 17*u + 20. Give m(u).
2
Let i(c) be the first derivative of -c**2/2 + 9*c - 11. Let a = -2 - -2. Calculate i(a).
9
Let d(y) = -y**2 + 6*y + 4. Let r be (-15)/6*(-6)/(-3). Let k be (-27)/(-45) - 22/r. What is d(k)?
9
Let w(g) = -5*g**2 + 6*g. Let l(a) = -11*a**2 + 12*a + 1. Let m(i) = -6*l(i) + 13*w(i). Calculate m(-7).
1
Let r(f) = -4*f. Let w(t) = -11*t. Let g(j) = -8*r(j) + 3*w(j). Let u = 5 + -10. Determine g(u).
5
Let f = -49 - -32. Suppose 2*l + 1 = -9, l = -2*p + 7. Let x(u) = u**2 - 9*u - 7. Let w(d) = 3*d**2 - 26*d - 20. Let q(c) = f*x(c) + p*w(c). Calculate q(-2).
9
Let j(h) be the first derivative of h**2 + 3*h + 1 - 4 - h - h. Calculate j(-1).
-1
Suppose 23*c + 42 = 30*c. Let a(n) = -n**2 + 2*n + 1. Determine a(c).
-23
Let q(u) = -6 - 4 + u**2 + 9 - 3*u. Determine q(5).
9
Suppose -13 - 17 = -5*z. Let f(w) be the first derivative of -w**3/3 + 7*w**2/2 - 9*w - 8. Calculate f(z).
-3
Suppose 0 = -0*h - h - 3. Let q be 5/h - 3/9. Let g(l) = -2*l**2 - 2*l + 3. Let n(y) = 2*y**2 + y - 3. Let x(t) = -5*g(t) - 6*n(t). What is x(q)?
-13
Let p(b) be the third derivative of -b**5/60 - b**4/12 + b**3/2 + 2*b**2. Let n(g) = g + 6. Let c be n(-5). Let z be (2 - c)*(1 - 4). What is p(z)?
0
Let p be (-132)/21 + (-2)/(-7). Let q(y) = 2*y + 9. Give q(p).
-3
Suppose 1 = 3*v - 23. Let f(w) = 0*w**2 + w**3 - w + 10 - v + w**2. Suppose 14 = -g - 4*g + 2*o, 3*g + 12 = 3*o. Calculate f(g).
0
Let i(n) be the first derivative of n**4/24 - 2*n**3/3 + n**2/2 + 1. Let w(o) be the second derivative of i(o). Give w(0).
-4
Let s(z) be the third derivative of -10*z**2 + 0*z - 1/24*z**4 + 0 - z**3. What is s(-3)?
-3
Let c(j) be the second derivative of 0*j**2 + 0*j**4 + 0 + 2*j - 1/6*j**3 - 1/4*j**5. Let v(d) = -d**3 - 5*d**2 + 7*d + 7. Let m be v(-6). Calculate c(m).
-6
Let v(a) = -8*a**3 + a - 1. Let x(w) = -w**3 - 2*w**2 + 8*w + 1. Let f be x(-4). Give v(f).
-8
Let k(q) = -q**2 + 5*q + 1. Suppose 4*d - 19 = 3*x, -3*d + 3*x + 6 = -6. Determine k(d).
-13
Let w = 6 + -4. Let f(s) = s**3 + 3*s**w - s + 0*s**3 - 4*s**2. What is f(1)?
-1
Let i be ((-4)/(-5))/(8/20). Suppose 5*c - i = 8. Let g(r) = -4*r - 4*r + 3*r + c. What is g(2)?
-8
Let r(s) = s - 21. Let x(d) = d - 10. Let y(z) = 4*r(z) - 7*x(z). Let p(o) = o - 1 - 2 + 8. Let w(t) = 17*p(t) + 6*y(t). Calculate w(0).
1
Let w(g) = g**2 + 5*g + 2. Suppose y + 3*y = v - 10, 4*v - 4*y - 16 = 0. Let a(u) = u - 1. Let b(z) = v*a(z) - w(z). What is b(-4)?
-8
Suppose 3*n + 0*n - 2*b = 0, -2*n = -b - 1. Let y(s) = s**2 + 3*s + 3. Let p(m) = m**2 + 1 + 4*m + m**2 + 3. Let q(f) = n*p(f) - 3*y(f). Calculate q(-2).
5
Let j = -98 - -94. Let g(l) = -l**3 - 5*l**2 - 3*l - 3. What is g(j)?
-7
Let r(i) = 0*i**2 - i - i**2 - 4*i - 5 + 2. Calculate r(-3).
3
Let d(h) = 12*h**3 - 6*h**2 - 5*h + 5. Let z(t) = -t**3 + t**2 + t - 1. Let m be ((-2)/5)/((-2)/5). Let b(v) = m*d(v) + 5*z(v). Give b(1).
6
Let f(a) = 4 + 0 - a + 8 - 5. Determine f(5).
2
Let a(z) be the second derivative of -z**4/3 + 13*z. Calculate a(1).
-4
Let h(x) = -x**3 + 5*x**2 - 2*x - 4. Suppose 0*g = -5*g + 25. Suppose -20 = 4*v + 2*z, 2*v - 4*z - g = 5. Let r be v/12 - 34/(-8). Determine h(r).
4
Let s(p) = -p + 1. Suppose -3*q + 13 = 2*u, q + 2 = 2*u + 1. Suppose -5*z = g, 8*g - 3*g = -q*z + 22. Determine s(g).
-4
Suppose -s = i + 8, 10 + 9 = 2*s - 5*i. Let o(w) = 2*w**2 - 2*w - 9. Let c(x) = -x**2 + x + 4. Let t(l) = 9*c(l) + 4*o(l). Calculate t(s).
-12
Let r(v) = 2*v + 2 + 2 - 4*v**2 + 0*v + 3*v**2. What is r(3)?
1
Let m(y) = 6*y + 1. Let f(a) = -12*a - 2. Let c(l) = 4*f(l) + 7*m(l). Calculate c(-1).
5
Let d(r) be the first derivative of -2*r - 1/2*r**2 - 6. What is d(-3)?
1
Let d = -6 - -5. Let z(f) = 7*f**3 + 2*f**2 + f. Calculate z(d).
-6
Let n(b) = 6 - 2*b - 3 + 3*b. Let x(w) = 5*w + 12. Let c(r) = 9*n(r) - 2*x(r). Let a be ((-6)/(-5))/(24/(-60)). Calculate c(